 s(m) = 3*m**2 + 3*m - 2. Let c(l) = 49*l**2 + 44*l**2 - 91*l**2 + 3*l. Let y(i) = -i**3 - 2*i**2 + i. Let r be y(-2). Let b be c(r). Give s(b).
16
Let h(i) = -i**3 + 11*i**2 + 28*i - 9. Let v be h(13). Suppose -5*m - 8 - v = 0. Let l(n) = -n**2 - 5*n + 1. Determine l(m).
1
Let y(j) = -67*j + 1. Let z(v) = -54*v. Let t(u) = -4*y(u) + 5*z(u). Calculate t(9).
-22
Let l(s) = -s**3 + 8*s**2 + 6*s - 3. Let q(c) = 312*c - 213. Let o be q(3). Let z = -714 + o. Give l(z).
-30
Let j(x) = x**3 - 4*x**2 + 2*x + 1. Let y(t) = t - 1. Let p(q) = 27*q. Let c(l) = p(l) - y(l). Let m be c(1). Suppose -8 = 23*z - m*z. Determine j(z).
-3
Let v(m) = -14*m**2 + 70*m + 3. Let j be v(5). Let c(o) = 7*o**3 - 11*o**3 + 4*o**j - o + 2*o**3 + 0*o + 1 - o**2. Calculate c(1).
1
Let g be 3/(-2*(-3)/4). Suppose -d - w = 0, -5*d - 5*w + 8 = -g*w. Let q(a) = 4*a - 17. Give q(d).
-1
Suppose 19*l - 73 - 3 = 0. Suppose 0 = 13*d - 14*d - 5*a + 7, 2*d + 5*a - l = 0. Let h(o) = o + 6. Determine h(d).
3
Let q(n) = 13*n + 9. Let m(i) = 3*i + 2. Let g = 29 + -70. Let t = -43 - g. Let o(p) = t*q(p) + 9*m(p). What is o(2)?
2
Let t(q) = -q. Let x(d) = -d**2 + 5*d + 25. Let b be x(-3). Let c(f) = 2*f + 12. Let p(y) = b*c(y) + t(y). Calculate p(-13).
-1
Let y(b) = -4*b + 2. Let t(z) = -z**3 + 6*z**2 - 5*z - 5. Let d be t(3). Suppose 6*u = u + 60. Suppose 10 = -u*s + d*s. Determine y(s).
10
Let p(b) = 4*b**2 + 71 + 74 - 142 - 8*b. Let j(v) = -3*v**2 + 9*v - 4. Let k = 2 - 0. Let l(o) = k*p(o) + 3*j(o). What is l(10)?
4
Let p(s) = 4*s - 10*s + 6 - 2 - 8 + 6. What is p(7)?
-40
Let j = 124 - 61. Let m = j + -69. Let b be (-25)/(-10)*m/(-5). Let n(y) = -6*y + 1. Determine n(b).
-17
Let h(r) = -6*r + 5. Suppose 6 = 4*g + 22. Let x(c) = 8 + c - 3 - 6. Let y(b) = g*x(b) - h(b). What is y(-2)?
-5
Let t(d) = -d**3 + d**2 + d - 2. Let y(u) = -19*u**2 - 4*u + 37. Let h(c) = 16*c**2 + 4*c - 38. Let a(j) = -6*h(j) - 5*y(j). Let l be a(-9). Give t(l).
8
Let o(u) = -u - 29. Let t = 6397 + -6419. Give o(t).
-7
Let q(s) = -2*s - 12 + 4 + 3*s + 12. Let b be 6*(1 - (-3)/9). Let g be 2/b - (-41)/(-4). Give q(g).
-6
Let k = 1146 - 996. Suppose k*x - 159*x - 45 = 0. Let w(z) = z**2 + 1. Let l(g) = -g**3 - 6*g**2 + 7*g - 2. Let i(f) = l(f) + 3*w(f). What is i(x)?
16
Let f be (-28 + 31)/((3/(-130))/1). Let o = f + 123. Let u(a) = a**2 + 5*a - 10. Give u(o).
4
Let d(v) = -58*v + 15. Let j(o) = 20*o - 3. Let s(n) = d(n) + 3*j(n). Determine s(6).
18
Let b(o) be the second derivative of -o**4/12 + 3*o**3/2 - 9*o**2/2 + 79387*o. Suppose 0 = w + w - 14. Give b(w).
5
Let o(f) be the first derivative of -85*f**2 - 2*f + 6935. Give o(1).
-172
Let u(j) = -5*j - 150. Let b be u(-31). Let f(n) = -3*n**2 - 9*n + 3. Let z(o) = -8*o**2 - 18*o + 4. Let q(a) = b*f(a) - 2*z(a). Give q(8).
-1
Let q(c) = c**2 - c + 1. Suppose -11*l + 16 = -16*l + 3*n, 3*l - 2 = -4*n. Let z(s) = -3*s**2 + 2*s - 3. Let g(x) = l*q(x) - z(x). Give g(3).
10
Suppose 0*t + x - 132 = -2*t, 5*t - 5*x - 345 = 0. Let r = 72 - t. Let m(n) = 3 + 4*n - n**2 + n - 4. What is m(r)?
-1
Let q(b) be the first derivative of b**4/4 + 10*b**3/3 + 6*b**2 - 10*b + 970. Determine q(-9).
-37
Let x(s) be the third derivative of s**5/60 - 5*s**4/12 - 5*s**3/2 + s**2 + 603*s. Calculate x(10).
-15
Let g(a) = 6*a + 21 + 0 + 7 - a + 1. Calculate g(-5).
4
Suppose 60*n - 61*n - 28 = -4*s, -4*n = 3*s - 21. Let y(v) = 7*v - 43. Give y(s).
6
Let h(k) be the second derivative of k**7/2520 + k**6/180 + k**5/120 - 15*k**4/4 + 84*k. Let d(x) be the third derivative of h(x). Calculate d(-2).
-3
Let k be (-28)/(-6) + (-1)/(-3). Suppose -f = 5, 4*y - 5*y - 22 = k*f. Let n(v) be the second derivative of -v**3/6 + 5*v**2/2 + 3*v - 59. Determine n(y).
2
Let w = 497 + -540. Let x(v) = v**3 + 44*v**2 + 41*v - 80. Let j be x(w). Let c(n) = -n. Give c(j).
-6
Suppose 39*w - 46 = 2*r + 42*w, 4*w = 4*r + 112. Let y(s) = -s**3 - 25*s**2 + 25*s - 31. Calculate y(r).
-5
Let r(b) = 174*b - 9 + 173*b - 519*b - 1 + 177*b. Give r(5).
15
Suppose -2*q - 3 - 5 = 0. Let m(l) = 2*l + 1. Let c(v) = 3*v + 1. Let r(o) = q*m(o) + 3*c(o). Suppose -5*a - 8*p + 11*p + 24 = 0, 0 = p - 2. Determine r(a).
5
Let m(a) = 0*a**2 - 15 + 4*a**2 + 547220*a - 3*a**2 - 547204*a. Determine m(-18).
21
Let b(q) = -q**3 + 18*q**2 + 39*q + 15. Let r be b(20). Let f(p) = -8*p. Determine f(r).
40
Suppose 5*y + 4*w - 12 = 0, 0*y + 5*w = -4*y + 6. Let k(x) = x + 3 - 9*x + 2*x - y. Suppose -h - 5*t = -3*t - 9, 2 = 3*h + t. Calculate k(h).
5
Let r be (1152/(-320))/(3/10). Let n(g) = g**3 + 15*g**2 + 34*g - 27. Determine n(r).
-3
Let f be 2/(-7) - ((-496)/(-28) - -2). Let b = 13 + f. Let i(r) = -r**3 - 7*r**2 + 5. Let s(w) = 1. Let a(q) = i(q) + 2*s(q). What is a(b)?
7
Let f(y) = -y**3 + 2*y**2 + 3*y + 3. Let t(q) = 17*q + 331. Let g be t(-20). Let a be (g - 0) + (1 - -11). Determine f(a).
3
Let z(k) = -k**3 - 4*k**2 + 3*k - 7. Let j(u) = -87*u - 51. Let g be j(4). Let o be g/84 + (-2)/8. What is z(o)?
3
Let q(s) be the third derivative of s**5/60 - 7*s**4/24 - 7*s**3/3 + s**2 + 1. Calculate q(6).
-20
Suppose -4*b + 4*o + 13 = -3, 0 = b + o - 2. Let v(a) = -55 - 63 + a**2 - a + 196 - 62 - a**3 - 20 + a**2. Give v(b).
-16
Let c(p) = 20*p**3 + 72*p - 16 - 3*p**2 - p**2 - 79*p - 19*p**3. Give c(7).
82
Suppose -14*t + 12*t + 60 = 0. Suppose t*d + 50 = 25*d. Let x(p) = 2*p + 9. Determine x(d).
-11
Let s(g) = -23*g - 322. Let w be ((-5)/5 + -1)*(-949)/(-146). Determine s(w).
-23
Let q(i) be the first derivative of 6*i + 5/2*i**2 - 2. Suppose 452*g - 1872 = 807 - 419. Determine q(g).
31
Let g(m) = -32*m**2 + 3*m + 55. Let s(p) = -50*p**2 + 4*p + 85. Let i(r) = 11*g(r) - 7*s(r). Calculate i(-3).
-23
Let g = 370 - 367. Let d(w) be the second derivative of -4/3*w**g + 0 + 8*w - 1/20*w**5 - 3/4*w**4 + 11/2*w**2. Determine d(-8).
11
Let l = -1322 + 1328. Let p(m) = -2*m**2 - 4*m - 10. Give p(l).
-106
Let t(w) be the third derivative of -w**4/24 - 3*w**2 - 279. Let b = 20 - 32. Let u be 4/b*(-9)/(-3). Give t(u).
1
Let b be (0/1)/(-9 - -8). Let d(a) = -a**2 + a - 4. Let p be d(b). Let v(z) be the third derivative of -z**4/4 - 2*z**3/3 + 207*z**2. Determine v(p).
20
Let a(t) = -3*t + 4 - 2 - 2*t**2 - t - 2*t. Suppose 36*w + 79 + 65 = 0. What is a(w)?
-6
Let p(o) = o + 5. Suppose 12*d + 22 = 34. Let l(i) = -i**2 + 7*i - 3. Let w be l(6). Suppose 0 = x - d - w. Calculate p(x).
9
Let b be -4 - ((-156)/(-12) - 15). Let p(n) = 9*n + 2. Determine p(b).
-16
Let k(l) = -l**3 - 5*l**2 - 6*l - 2. Suppose 3*r = -2*f - 8, 5*r - 3*r + 12 = 2*f. Suppose -4*s + 1 = 3*z + f*z, 0 = 3*z + 3*s - 3. Determine k(z).
-2
Let m(s) be the third derivative of -s**6/120 - 17*s**5/30 + 3*s**4/2 - 44*s**2 - 6*s - 2. Determine m(-35).
-35
Let v(r) = -3*r**3 + 996*r - 1004*r - r**3 + r**2 + 7. Let p be v(1). Let s(k) = -k**3 - 6*k**2 - 7*k - 6. Determine s(p).
-10
Let j(t) = 42*t**2 - 14*t**2 + 14*t + 11 - 18*t**2 + t**3. Let x = 138 + -147. Give j(x).
-34
Let r be (24/15)/((-16)/(-120)). Suppose 40 = -r*i + 7*i. Let j(s) = -3*s - 10. Calculate j(i).
14
Let j(y) = -y**3 + y**2 - y - 2. Let n(d) = d**3 + d**2 + 5*d + 5. Let r(u) = 3*j(u) + n(u). Give r(4).
-57
Let y(t) = -1 - 14*t**2 + 0*t**2 + 8*t**2 + 0*t + 5 - 7*t. Calculate y(-3).
-29
Let p(b) be the second derivative of -b**4/12 - b**3/6 - 15*b**2/2 + 44681*b. Suppose 0 = 7*n - 2*n - 25. Suppose -q + n*q = 0. Give p(q).
-15
Let i(f) = 8*f - 150. Suppose -219*s - 123*s - 44*s + 6948 = 0. Give i(s).
-6
Suppose 2*v + 5 = v. Let d(t) be the second derivative of -t**5/20 - 5*t**4/12 - t**3/3 + 3*t**2 + 24988*t. What is d(v)?
16
Let i(c) = -4 + 7*c - 11*c + c - 5*c**2 - c**3. Suppose 316*q + 1742 = 162. Calculate i(q).
11
Let u(p) = -13*p**3. Let j = 46 + 24. Suppose 2*o + 3*k = -k + j, o - 41 = k. Let t = o + -40. Give u(t).
13
Let i(s) = -16077 - 4*s**2 - 4*s + 3*s**2 + 16080 + s**3 + 8*s**2. Let q = 21 + -29. Determine i(q).
-29
Let l be ((-1344)/(-18))/(2/(-6)). Let f = l + 223. Let o(b) be the third derivative of 11*b**5/60 + b**3/6 + b**2. Calculate o(f).
12
Suppose 2*d + 132 - 60 = 6*d. Let p(y) = y**3 - 17*y**2 - 18*y + 7. Give p(d).
7
Let f(t) = -t + 6. Suppose -43 = -c - 2*r + 7*r, 13 = c + r. Let k = 21 - c. Suppose 2*x = k*x. Determine f(x).
6
Let x(k) = -8*k - 49. Suppose 151*l = -824 - 535. Determine x(l).
23
Suppose 11*x =